{"id":210,"date":"2015-07-16T16:11:18","date_gmt":"2015-07-16T14:11:18","guid":{"rendered":"http:\/\/www.martinherrmann.info\/?page_id=210"},"modified":"2025-04-01T14:39:42","modified_gmt":"2025-04-01T12:39:42","slug":"liedgut","status":"publish","type":"page","link":"https:\/\/www.martinherrmann.info\/?page_id=210","title":{"rendered":"Liedgut"},"content":{"rendered":"<p>Tontr\u00e4ger (CD): &#8222;Zwieback im Biwak&#8220; (SWF-F\u00f6rderpreispr\u00e4mie 1992), &#8222;Warmbadetag und Wiedergeburt&#8220;, &#8222;Der Frauenfl\u00fcsterer&#8220; (vergr.), &#8222;5 Lieder&#8220;, Wenns Wetter sch\u00f6n ist&#8220;<\/p>\n<p>Die Songs s. u. k\u00f6nnen kostenfrei gestreamt werden.<\/p>\n<p><a style=\"color: #000000; outline: 0px;\" href=\"https:\/\/youtu.be\/f6s2bFDtBkQ\" target=\"_blank\" rel=\"noopener noreferrer\">Fernsehen live: Der Chemiesong bei SR und SWR<\/a><\/p>\n<p>&nbsp;<\/p>\n<p>Biologisches M\u00e4rchen (M. Herrmann)<\/p>\n<audio class=\"wp-audio-shortcode\" id=\"audio-210-1\" preload=\"none\" style=\"width: 100%;\" controls=\"controls\"><source type=\"audio\/mpeg\" src=\"https:\/\/www.martinherrmann.info\/wp-content\/uploads\/2025\/03\/10_Biologisches_Maerchen.mp3?_=1\" \/><a href=\"https:\/\/www.martinherrmann.info\/wp-content\/uploads\/2025\/03\/10_Biologisches_Maerchen.mp3\">https:\/\/www.martinherrmann.info\/wp-content\/uploads\/2025\/03\/10_Biologisches_Maerchen.mp3<\/a><\/audio>\n<p>Mama hat gesagt (M. Herrmann)<\/p>\n<audio class=\"wp-audio-shortcode\" id=\"audio-210-2\" preload=\"none\" style=\"width: 100%;\" controls=\"controls\"><source type=\"audio\/mpeg\" src=\"https:\/\/www.martinherrmann.info\/wp-content\/uploads\/2024\/06\/Mama-hat-gesagt.mp3?_=2\" \/><a href=\"https:\/\/www.martinherrmann.info\/wp-content\/uploads\/2024\/06\/Mama-hat-gesagt.mp3\">https:\/\/www.martinherrmann.info\/wp-content\/uploads\/2024\/06\/Mama-hat-gesagt.mp3<\/a><\/audio>\n<p>Psychiatersong Hypno Rex (M.Herrmann)<\/p>\n<audio class=\"wp-audio-shortcode\" id=\"audio-210-3\" preload=\"none\" style=\"width: 100%;\" controls=\"controls\"><source type=\"audio\/mpeg\" src=\"https:\/\/www.martinherrmann.info\/wp-content\/uploads\/2022\/02\/huebno-rex.m4a?_=3\" \/><a href=\"https:\/\/www.martinherrmann.info\/wp-content\/uploads\/2022\/02\/huebno-rex.m4a\">https:\/\/www.martinherrmann.info\/wp-content\/uploads\/2022\/02\/huebno-rex.m4a<\/a><\/audio>\n<p>Mit den Waffeln einer Frau (M.Herrmann)<\/p>\n<audio class=\"wp-audio-shortcode\" id=\"audio-210-4\" preload=\"none\" style=\"width: 100%;\" controls=\"controls\"><source type=\"audio\/mpeg\" src=\"https:\/\/www.martinherrmann.info\/wp-content\/uploads\/2020\/08\/02-Mit-den-Waffeln-einer-Frau.m4a?_=4\" \/><a href=\"https:\/\/www.martinherrmann.info\/wp-content\/uploads\/2020\/08\/02-Mit-den-Waffeln-einer-Frau.m4a\">https:\/\/www.martinherrmann.info\/wp-content\/uploads\/2020\/08\/02-Mit-den-Waffeln-einer-Frau.m4a<\/a><\/audio>\n<p>Klonen (M.Herrmann)<\/p>\n<audio class=\"wp-audio-shortcode\" id=\"audio-210-5\" preload=\"none\" style=\"width: 100%;\" controls=\"controls\"><source type=\"audio\/mpeg\" src=\"https:\/\/www.martinherrmann.info\/wp-content\/uploads\/2020\/07\/07-Klonen.m4a?_=5\" \/><a href=\"https:\/\/www.martinherrmann.info\/wp-content\/uploads\/2020\/07\/07-Klonen.m4a\">https:\/\/www.martinherrmann.info\/wp-content\/uploads\/2020\/07\/07-Klonen.m4a<\/a><\/audio>\n<p>Klonen-Tekkno (M.Herrmann)<\/p>\n<audio class=\"wp-audio-shortcode\" id=\"audio-210-6\" preload=\"none\" style=\"width: 100%;\" controls=\"controls\"><source type=\"audio\/mpeg\" src=\"https:\/\/www.martinherrmann.info\/wp-content\/uploads\/2020\/07\/08-Klonen-Tekkno.m4a?_=6\" \/><a href=\"https:\/\/www.martinherrmann.info\/wp-content\/uploads\/2020\/07\/08-Klonen-Tekkno.m4a\">https:\/\/www.martinherrmann.info\/wp-content\/uploads\/2020\/07\/08-Klonen-Tekkno.m4a<\/a><\/audio>\n<p>Bandwurm Max (M.Herrmann &#8211; Aufnahme S\u00fcdpfalzhalle Kapsweyer in der Pfalz)<\/p>\n<audio class=\"wp-audio-shortcode\" id=\"audio-210-7\" preload=\"none\" style=\"width: 100%;\" controls=\"controls\"><source type=\"audio\/mpeg\" src=\"https:\/\/www.martinherrmann.info\/wp-content\/uploads\/2015\/07\/01-Bandwurm-Max.m4a?_=7\" \/><a href=\"https:\/\/www.martinherrmann.info\/wp-content\/uploads\/2015\/07\/01-Bandwurm-Max.m4a\">https:\/\/www.martinherrmann.info\/wp-content\/uploads\/2015\/07\/01-Bandwurm-Max.m4a<\/a><\/audio>\n<p>Lindauer Sabine (M.Herrmann)<\/p>\n<audio class=\"wp-audio-shortcode\" id=\"audio-210-8\" preload=\"none\" style=\"width: 100%;\" controls=\"controls\"><source type=\"audio\/mpeg\" src=\"https:\/\/www.martinherrmann.info\/wp-content\/uploads\/2020\/06\/14-Lindauer-Sabine.m4a?_=8\" \/><a href=\"https:\/\/www.martinherrmann.info\/wp-content\/uploads\/2020\/06\/14-Lindauer-Sabine.m4a\">https:\/\/www.martinherrmann.info\/wp-content\/uploads\/2020\/06\/14-Lindauer-Sabine.m4a<\/a><\/audio>\n<p>Wiedergeburt (M. Herrmann)<\/p>\n<audio class=\"wp-audio-shortcode\" id=\"audio-210-9\" preload=\"none\" style=\"width: 100%;\" controls=\"controls\"><source type=\"audio\/mpeg\" src=\"https:\/\/www.martinherrmann.info\/wp-content\/uploads\/2020\/06\/02-Wiedergeburt.m4a?_=9\" \/><a href=\"https:\/\/www.martinherrmann.info\/wp-content\/uploads\/2020\/06\/02-Wiedergeburt.m4a\">https:\/\/www.martinherrmann.info\/wp-content\/uploads\/2020\/06\/02-Wiedergeburt.m4a<\/a><\/audio>\n<p>Warmbadetag (M. Herrmann)<\/p>\n<audio class=\"wp-audio-shortcode\" id=\"audio-210-10\" preload=\"none\" style=\"width: 100%;\" controls=\"controls\"><source type=\"audio\/mpeg\" src=\"https:\/\/www.martinherrmann.info\/wp-content\/uploads\/2020\/06\/01-Warmbadetag.m4a?_=10\" \/><a href=\"https:\/\/www.martinherrmann.info\/wp-content\/uploads\/2020\/06\/01-Warmbadetag.m4a\">https:\/\/www.martinherrmann.info\/wp-content\/uploads\/2020\/06\/01-Warmbadetag.m4a<\/a><\/audio>\n<p>Wenns Wetter sch\u00f6n ist (M.Herrmann)<\/p>\n<audio class=\"wp-audio-shortcode\" id=\"audio-210-11\" preload=\"none\" style=\"width: 100%;\" controls=\"controls\"><source type=\"audio\/mpeg\" src=\"https:\/\/www.martinherrmann.info\/wp-content\/uploads\/2020\/07\/02-Wenns-Wetter-sch\u00f6n-ist_-1_32.m4a?_=11\" \/><a href=\"https:\/\/www.martinherrmann.info\/wp-content\/uploads\/2020\/07\/02-Wenns-Wetter-sch\u00f6n-ist_-1_32.m4a\">https:\/\/www.martinherrmann.info\/wp-content\/uploads\/2020\/07\/02-Wenns-Wetter-sch\u00f6n-ist_-1_32.m4a<\/a><\/audio>\n<p>Kaufrausch (M. Herrmann)<\/p>\n<audio class=\"wp-audio-shortcode\" id=\"audio-210-12\" preload=\"none\" style=\"width: 100%;\" controls=\"controls\"><source type=\"audio\/mpeg\" src=\"https:\/\/www.martinherrmann.info\/wp-content\/uploads\/2015\/07\/04-Kaufrausch-Rap.mp3?_=12\" \/><a href=\"https:\/\/www.martinherrmann.info\/wp-content\/uploads\/2015\/07\/04-Kaufrausch-Rap.mp3\">https:\/\/www.martinherrmann.info\/wp-content\/uploads\/2015\/07\/04-Kaufrausch-Rap.mp3<\/a><\/audio>\n<p>Sommerzeit (M. Herrmann)<\/p>\n<audio class=\"wp-audio-shortcode\" id=\"audio-210-13\" preload=\"none\" style=\"width: 100%;\" controls=\"controls\"><source type=\"audio\/mpeg\" src=\"https:\/\/www.martinherrmann.info\/wp-content\/uploads\/2015\/07\/18-Sommerzeit.mp3?_=13\" \/><a href=\"https:\/\/www.martinherrmann.info\/wp-content\/uploads\/2015\/07\/18-Sommerzeit.mp3\">https:\/\/www.martinherrmann.info\/wp-content\/uploads\/2015\/07\/18-Sommerzeit.mp3<\/a><\/audio>\n<p>Der Molek\u00fclcasanova (M. Herrmann)(Ba\u00df: Wolf Abromeit; Geige: Johannes Epremian;)<\/p>\n<audio class=\"wp-audio-shortcode\" id=\"audio-210-14\" preload=\"none\" style=\"width: 100%;\" controls=\"controls\"><source type=\"audio\/mpeg\" src=\"https:\/\/www.martinherrmann.info\/wp-content\/uploads\/2015\/07\/15-Molekuelcasanova.mp3?_=14\" \/><a href=\"https:\/\/www.martinherrmann.info\/wp-content\/uploads\/2015\/07\/15-Molekuelcasanova.mp3\">https:\/\/www.martinherrmann.info\/wp-content\/uploads\/2015\/07\/15-Molekuelcasanova.mp3<\/a><\/audio>\n<p>Idealpartner (M. Herrmann) (2. Gitarre: Johannes Epremian)<\/p>\n<audio class=\"wp-audio-shortcode\" id=\"audio-210-15\" preload=\"none\" style=\"width: 100%;\" controls=\"controls\"><source type=\"audio\/mpeg\" src=\"https:\/\/www.martinherrmann.info\/wp-content\/uploads\/2015\/07\/13-Idealpartner.mp3?_=15\" \/><a href=\"https:\/\/www.martinherrmann.info\/wp-content\/uploads\/2015\/07\/13-Idealpartner.mp3\">https:\/\/www.martinherrmann.info\/wp-content\/uploads\/2015\/07\/13-Idealpartner.mp3<\/a><\/audio>\n<p>Vampirballade (M. Herrmann)<\/p>\n<audio class=\"wp-audio-shortcode\" id=\"audio-210-16\" preload=\"none\" style=\"width: 100%;\" controls=\"controls\"><source type=\"audio\/mpeg\" src=\"https:\/\/www.martinherrmann.info\/wp-content\/uploads\/2015\/07\/04-vampirballade.m4a?_=16\" \/><a href=\"https:\/\/www.martinherrmann.info\/wp-content\/uploads\/2015\/07\/04-vampirballade.m4a\">https:\/\/www.martinherrmann.info\/wp-content\/uploads\/2015\/07\/04-vampirballade.m4a<\/a><\/audio>\n<p>Muttergl\u00fcck (M. Herrmann)<\/p>\n<audio class=\"wp-audio-shortcode\" id=\"audio-210-17\" preload=\"none\" style=\"width: 100%;\" controls=\"controls\"><source type=\"audio\/mpeg\" src=\"https:\/\/www.martinherrmann.info\/wp-content\/uploads\/2015\/07\/11-Mutterglueck.mp3?_=17\" \/><a href=\"https:\/\/www.martinherrmann.info\/wp-content\/uploads\/2015\/07\/11-Mutterglueck.mp3\">https:\/\/www.martinherrmann.info\/wp-content\/uploads\/2015\/07\/11-Mutterglueck.mp3<\/a><\/audio>\n","protected":false},"excerpt":{"rendered":"<p>Tontr\u00e4ger (CD): &#8222;Zwieback im Biwak&#8220; (SWF-F\u00f6rderpreispr\u00e4mie 1992), &#8222;Warmbadetag und Wiedergeburt&#8220;, &#8222;Der Frauenfl\u00fcsterer&#8220; (vergr.), &#8222;5 Lieder&#8220;, Wenns Wetter sch\u00f6n ist&#8220; Die Songs s. u. k\u00f6nnen kostenfrei gestreamt werden. Fernsehen live: Der Chemiesong bei SR und SWR &nbsp; Biologisches M\u00e4rchen (M. Herrmann)&hellip;<\/p>\n<p class=\"more-link-p\"><a class=\"more-link\" href=\"https:\/\/www.martinherrmann.info\/?page_id=210\">Read more &rarr;<\/a><\/p>\n","protected":false},"author":2,"featured_media":0,"parent":0,"menu_order":1,"comment_status":"closed","ping_status":"closed","template":"","meta":{"footnotes":""},"class_list":["post-210","page","type-page","status-publish","hentry"],"_links":{"self":[{"href":"https:\/\/www.martinherrmann.info\/index.php?rest_route=\/wp\/v2\/pages\/210","targetHints":{"allow":["GET"]}}],"collection":[{"href":"https:\/\/www.martinherrmann.info\/index.php?rest_route=\/wp\/v2\/pages"}],"about":[{"href":"https:\/\/www.martinherrmann.info\/index.php?rest_route=\/wp\/v2\/types\/page"}],"author":[{"embeddable":true,"href":"https:\/\/www.martinherrmann.info\/index.php?rest_route=\/wp\/v2\/users\/2"}],"replies":[{"embeddable":true,"href":"https:\/\/www.martinherrmann.info\/index.php?rest_route=%2Fwp%2Fv2%2Fcomments&post=210"}],"version-history":[{"count":53,"href":"https:\/\/www.martinherrmann.info\/index.php?rest_route=\/wp\/v2\/pages\/210\/revisions"}],"predecessor-version":[{"id":14462,"href":"https:\/\/www.martinherrmann.info\/index.php?rest_route=\/wp\/v2\/pages\/210\/revisions\/14462"}],"wp:attachment":[{"href":"https:\/\/www.martinherrmann.info\/index.php?rest_route=%2Fwp%2Fv2%2Fmedia&parent=210"}],"curies":[{"name":"wp","href":"https:\/\/api.w.org\/{rel}","templated":true}]}}