{"id":3788,"date":"2018-01-20T19:56:25","date_gmt":"2018-01-20T18:56:25","guid":{"rendered":"http:\/\/www.martinherrmann.info\/?page_id=3788"},"modified":"2024-07-02T20:29:10","modified_gmt":"2024-07-02T18:29:10","slug":"kleinkunstpreis-baden-wuerttemberg-2018","status":"publish","type":"page","link":"https:\/\/www.martinherrmann.info\/?page_id=3788","title":{"rendered":"Kleinkunstpreis Baden-W\u00fcrttemberg 2018"},"content":{"rendered":"<div>Sendung zum Preis SWR2 &#8222;Tandem&#8220; 17.10.18<\/div>\n<div><a href=\"http:\/\/www.swr.de\/swr2\/leben-und-gesellschaft\/broadcastcontrib-swr-29180.html\" target=\"_blank\" rel=\"noopener noreferrer\">SWR2 Beitrag Herrmann<\/a><\/div>\n<div class=\"\"><b class=\"\">Preistr\u00e4ger<\/b><\/div>\n<div class=\"\">&#8230;\u201eSo muss Kleinkunst sein\u201c, befindet die Jury und zeichnet <b class=\"\">Martin Herrmann <\/b>f\u00fcr sein satirisches\u00a0Musikkabarett aus. Mit kleinsten Mitteln und spitzer Zunge w\u00fcrde der Heidelberger Liedermacher\u00a0gr\u00f6\u00dftm\u00f6gliche Tabus brechen. Mit Wort-Jonglage, spr\u00fchender Intelligenz und zur\u00fcckhaltendem\u00a0Auftreten z\u00f6ge er das Publikum auf seine Seite. Er sei Stand-up-Comedian, Troubadour, Philosoph\u00a0und Frauenfl\u00fcsterer und pr\u00e4sentiere seine abwechselnd gereimten und vertonten Texte mit sehr viel\u00a0Feingeist sowie h\u00f6chster Treffsicherheit. (usw)<\/div>\n<div class=\"\"><em>Anmerkungen: 1. <strong>Heidelberg<\/strong> war bis zur Sendung lediglich der Hauptwohnsitz des Preistr\u00e4gers; 2. Der Begriff &#8222;<strong>Frauenfl\u00fcsterer<\/strong>&#8220; avancierte offenbar bereits in den Wortschatz des Rundfunks, wurde aber zum ersten Mal verwendet und ver\u00f6ffentlicht als Programmtitel von Martin Herrmann im Juni 1999 und uraufgef\u00fchrt im Theater im Fraunhofer, M\u00fcnchen, November 1999.<\/em><\/div>\n<div><\/div>\n","protected":false},"excerpt":{"rendered":"<p>Sendung zum Preis SWR2 &#8222;Tandem&#8220; 17.10.18 SWR2 Beitrag Herrmann Preistr\u00e4ger &#8230;\u201eSo muss Kleinkunst sein\u201c, befindet die Jury und zeichnet Martin Herrmann f\u00fcr sein satirisches\u00a0Musikkabarett aus. Mit kleinsten Mitteln und spitzer Zunge w\u00fcrde der Heidelberger Liedermacher\u00a0gr\u00f6\u00dftm\u00f6gliche Tabus brechen. Mit Wort-Jonglage, spr\u00fchender&hellip;<\/p>\n<p class=\"more-link-p\"><a class=\"more-link\" href=\"https:\/\/www.martinherrmann.info\/?page_id=3788\">Read more &rarr;<\/a><\/p>\n","protected":false},"author":2,"featured_media":0,"parent":0,"menu_order":0,"comment_status":"closed","ping_status":"closed","template":"","meta":{"footnotes":""},"class_list":["post-3788","page","type-page","status-publish","hentry"],"_links":{"self":[{"href":"https:\/\/www.martinherrmann.info\/index.php?rest_route=\/wp\/v2\/pages\/3788","targetHints":{"allow":["GET"]}}],"collection":[{"href":"https:\/\/www.martinherrmann.info\/index.php?rest_route=\/wp\/v2\/pages"}],"about":[{"href":"https:\/\/www.martinherrmann.info\/index.php?rest_route=\/wp\/v2\/types\/page"}],"author":[{"embeddable":true,"href":"https:\/\/www.martinherrmann.info\/index.php?rest_route=\/wp\/v2\/users\/2"}],"replies":[{"embeddable":true,"href":"https:\/\/www.martinherrmann.info\/index.php?rest_route=%2Fwp%2Fv2%2Fcomments&post=3788"}],"version-history":[{"count":14,"href":"https:\/\/www.martinherrmann.info\/index.php?rest_route=\/wp\/v2\/pages\/3788\/revisions"}],"predecessor-version":[{"id":12874,"href":"https:\/\/www.martinherrmann.info\/index.php?rest_route=\/wp\/v2\/pages\/3788\/revisions\/12874"}],"wp:attachment":[{"href":"https:\/\/www.martinherrmann.info\/index.php?rest_route=%2Fwp%2Fv2%2Fmedia&parent=3788"}],"curies":[{"name":"wp","href":"https:\/\/api.w.org\/{rel}","templated":true}]}}