{"id":4300,"date":"2018-06-30T15:49:16","date_gmt":"2018-06-30T13:49:16","guid":{"rendered":"http:\/\/www.martinherrmann.info\/?page_id=4300"},"modified":"2026-02-13T22:44:58","modified_gmt":"2026-02-13T21:44:58","slug":"projekt-feinstaubalarm-ist-auch-nur-ein-vornehmes-wort-fuer-kehrwoche","status":"publish","type":"page","link":"https:\/\/www.martinherrmann.info\/?page_id=4300","title":{"rendered":"Feinstaubalarm ist auch nur ein vornehmes Wort f\u00fcr Kehrwoche!"},"content":{"rendered":"<div class=\"\">\n<h1 class=\"entry-title\"><\/h1>\n<div class=\"entry-content\">\n<div class=\"\"><span class=\"\"><b class=\"\">Urbankabarett als Jahresr\u00fcck-Vorausblick. Eine \u00d6kosatire<br \/>\n<\/b><\/span><em>Themen der Innenstadt in Wort und Song<\/em><\/div>\n<div class=\"\">\n<div class=\"\"><span class=\"\">Brauchen wir \u00d6ko-Satire? Gibt es \u00fcberhaupt \u00d6ko-Satire oder ist \u00d6ko schon Satire? Die Frage ist doch: Was darf \u00d6kosatire!\u00a0<\/span><\/div>\n<div class=\"\"><span class=\"\">Martin Herrmann gibt Antwort. Ist das deutsche Kabarett angestaubt? Nein! Das bewusste moderne Kabarett ist angefeinstaubt. Lungen\u00e4rzte geben Entwarnung: Feinstaub ist gesund. Das Tragen von Atemmasken beherrscht inzwischen sowieso fast jeder. Korrekte \u00d6kob\u00fcrger sp\u00fclen ihr Joghurtbecherdeckelchen, bevor sie es mit dem SUV zur Wertstoffsammelstelle fahren. Viele glauben, die Aufladestellen f\u00fcr die E-Autos haben einen religi\u00f6sen Hintergrund, oder warum heisst es \u00fcberall &#8222;Stationenweg&#8220;?\u00a0<\/span><\/div>\n<\/div>\n<div class=\"\"><span class=\"\">Elektrische Autos nehmen uns die Spannung. Fr\u00fcher stockte beim \u00dcberholen der Atem und in den St\u00e4dten konnte das Atmen t\u00f6dlich sein. Heute fahren die Autos alleine. Notfalls auch ohne uns. Und wer mal in Zahlungsverzug kommt, dem sperrt der Elektro-Konzern die Aufladung.\u00a0<\/span><span class=\"\">Autoerotiker m\u00fcssen emotional umstellen. Fr\u00fcher gab der dr\u00f6hnende Turbo dem Fahrer das Gef\u00fchl von dicker Hose, heute blinken die Dioden. Das Cockpit piepst und flimmert wie ein Blutdruckger\u00e4t. Man denkt, man liegt im Krankenhaus, dabei fliegt man mit 200 Sachen \u00fcber die Autobahn, elektrisch. Wenn der Computer abst\u00fcrzt, wacht man im Krankenhaus auf, wo alles blinkt und piept und man glaubt immer noch, man fliegt \u00fcber die Autobahn.\u00a0<\/span><span class=\"\">Wenn nichts mehr piept, bin ich dann im Himmel?\u00a0<\/span><\/div>\n<div class=\"\"><span class=\"\">Bei dir piepts wohl.\u00a0<\/span>Leibhaftige Lungen\u00e4rzte haben sich aus dem Fenster gelehnt und den Feinstaub als mindergef\u00e4hrlich eingestuft.\u00a0<a href=\"http:\/\/www.spiegel.de\/gesundheit\/diagnose\/fahrverbote-aerzte-bezweifeln-sinn-von-grenzwerten-fuer-stickoxide-und-feinstaub-a-1249519.html\">Lungen\u00e4rzte pro Feinstaub<\/a>\u00a0Logisch! Schadstoffe in der Luft? Davon leben Lungen\u00e4rzte.<\/div>\n<div>BMW wirbt f\u00fcr den seinen Achter mit dem Slogan:\u00a0<strong>\u201eGebaut, um den Atem zu rauben!\u201c<\/strong><\/div>\n<div>Das ist wenigstens ehrlich. Da braucht man keinen Feinstaubalarm: wer atmet ist selber schuld.<br \/>\n<b class=\"\" style=\"letter-spacing: 0.05em;\"><span style=\"letter-spacing: 0.05em;\">Wenn nichts mehr piept, bin ich dann im Himmel?<\/span><\/b><\/div>\n<\/div>\n<\/div>\n<div class=\"\"><span class=\"\">Bei dir piepts wohl.\u00a0<\/span>Echte Lungen\u00e4rzte haben sich aus dem Fenster gelehnt und den Feinstaub als mindergef\u00e4hrlich eingestuft.\u00a0<a href=\"http:\/\/www.spiegel.de\/gesundheit\/diagnose\/fahrverbote-aerzte-bezweifeln-sinn-von-grenzwerten-fuer-stickoxide-und-feinstaub-a-1249519.html\">Lungen\u00e4rzte pro Feinstaub<\/a> Logisch! Schadstoffe in der Luft? Davon leben Lungen\u00e4rzte.<\/div>\n<div>BMW wirbt f\u00fcr den neuen Achter mit dem Slogan: <strong>&#8222;Gebaut, um den Atem zu rauben!&#8220;<\/strong><\/div>\n<div><a href=\"https:\/\/www.martinherrmann.info\/wp-content\/uploads\/2019\/01\/atemrauben-Kopie1.jpg\"><img loading=\"lazy\" decoding=\"async\" class=\"size-full wp-image-4893 aligncenter\" src=\"https:\/\/www.martinherrmann.info\/wp-content\/uploads\/2019\/01\/atemrauben-Kopie1.jpg\" alt=\"\" width=\"121\" height=\"91\" \/><\/a>Das ist wenigstens ehrlich. Da braucht man keinen Feinstaubalarm: wer atmet ist selber schuld.\u00a0Die Hardwarenachr\u00fcstung kommt bald, aber nicht f\u00fcr den Motor, sondern f\u00fcr den Menschen:\u00a0<a href=\"https:\/\/www.martinherrmann.info\/wp-content\/uploads\/2019\/01\/maske1.jpg\"><img loading=\"lazy\" decoding=\"async\" class=\"size-full wp-image-4892 aligncenter\" src=\"https:\/\/www.martinherrmann.info\/wp-content\/uploads\/2019\/01\/maske1.jpg\" alt=\"\" width=\"55\" height=\"73\" \/><\/a><\/div>\n<div><\/div>\n<div style=\"text-align: center;\"><em>Wasserstoff, Wasserstoff,<\/em><\/div>\n<div style=\"text-align: center;\"><em>ich hoff und hoff auf Wasserstoff,<\/em><\/div>\n<div style=\"text-align: center;\"><em>doch wie ich auch hoff und hoff<\/em><\/div>\n<div style=\"text-align: center;\"><em>VW und Daimler sind zu doff<\/em><\/div>\n<div style=\"text-align: center;\"><em>f\u00fcr Wasserstoff&#8230;<\/em><\/div>\n<div style=\"text-align: center;\"><em>Die Japaner sind schon da <\/em><\/div>\n<div style=\"text-align: center;\"><em>mit Wasserstoff bei Toyota,<\/em><\/div>\n<div style=\"text-align: center;\"><em>sie sind auf der richtigen F\u00e4hrte,<\/em><\/div>\n<div style=\"text-align: center;\"><em>bei uns f\u00e4lscht man bloss Abgaswerte,<\/em><\/div>\n<div style=\"text-align: center;\"><em>sind das die neuen deutschen Grundwerte&#8230;?<\/em><\/div>\n<div style=\"text-align: center;\"><\/div>\n<div>\n<div id=\"attachment_4301\" style=\"width: 254px\" class=\"wp-caption alignright\"><a href=\"https:\/\/www.martinherrmann.info\/wp-content\/uploads\/2018\/06\/Bildschirmfoto-2018-06-30-um-15.36.27.png\"><img loading=\"lazy\" decoding=\"async\" aria-describedby=\"caption-attachment-4301\" class=\"wp-image-4301 size-medium\" src=\"https:\/\/www.martinherrmann.info\/wp-content\/uploads\/2018\/06\/Bildschirmfoto-2018-06-30-um-15.36.27-244x300.png\" alt=\"\" width=\"244\" height=\"300\" srcset=\"https:\/\/www.martinherrmann.info\/wp-content\/uploads\/2018\/06\/Bildschirmfoto-2018-06-30-um-15.36.27-244x300.png 244w, https:\/\/www.martinherrmann.info\/wp-content\/uploads\/2018\/06\/Bildschirmfoto-2018-06-30-um-15.36.27-260x319.png 260w, https:\/\/www.martinherrmann.info\/wp-content\/uploads\/2018\/06\/Bildschirmfoto-2018-06-30-um-15.36.27-160x196.png 160w, https:\/\/www.martinherrmann.info\/wp-content\/uploads\/2018\/06\/Bildschirmfoto-2018-06-30-um-15.36.27.png 286w\" sizes=\"auto, (max-width: 244px) 100vw, 244px\" \/><\/a><p id=\"caption-attachment-4301\" class=\"wp-caption-text\">PLAKATMOTIV<\/p><\/div>\n<\/div>\n<div class=\"\">\n<div id=\"attachment_6115\" style=\"width: 223px\" class=\"wp-caption alignnone\"><a href=\"https:\/\/www.martinherrmann.info\/wp-content\/uploads\/2020\/02\/Herrmann_Feinstaub_PK_A6_2019_Presse_300_ohne.jpg\"><img loading=\"lazy\" decoding=\"async\" aria-describedby=\"caption-attachment-6115\" class=\"wp-image-6115 size-medium\" src=\"https:\/\/www.martinherrmann.info\/wp-content\/uploads\/2020\/02\/Herrmann_Feinstaub_PK_A6_2019_Presse_300_ohne-213x300.jpg\" alt=\"\" width=\"213\" height=\"300\" srcset=\"https:\/\/www.martinherrmann.info\/wp-content\/uploads\/2020\/02\/Herrmann_Feinstaub_PK_A6_2019_Presse_300_ohne-213x300.jpg 213w, https:\/\/www.martinherrmann.info\/wp-content\/uploads\/2020\/02\/Herrmann_Feinstaub_PK_A6_2019_Presse_300_ohne-768x1083.jpg 768w, https:\/\/www.martinherrmann.info\/wp-content\/uploads\/2020\/02\/Herrmann_Feinstaub_PK_A6_2019_Presse_300_ohne-726x1024.jpg 726w, https:\/\/www.martinherrmann.info\/wp-content\/uploads\/2020\/02\/Herrmann_Feinstaub_PK_A6_2019_Presse_300_ohne-560x789.jpg 560w, https:\/\/www.martinherrmann.info\/wp-content\/uploads\/2020\/02\/Herrmann_Feinstaub_PK_A6_2019_Presse_300_ohne-260x367.jpg 260w, https:\/\/www.martinherrmann.info\/wp-content\/uploads\/2020\/02\/Herrmann_Feinstaub_PK_A6_2019_Presse_300_ohne-160x226.jpg 160w, https:\/\/www.martinherrmann.info\/wp-content\/uploads\/2020\/02\/Herrmann_Feinstaub_PK_A6_2019_Presse_300_ohne.jpg 1240w\" sizes=\"auto, (max-width: 213px) 100vw, 213px\" \/><\/a><p id=\"caption-attachment-6115\" class=\"wp-caption-text\">Pressefoto<\/p><\/div>\n<\/div>\n","protected":false},"excerpt":{"rendered":"<p>Urbankabarett als Jahresr\u00fcck-Vorausblick. Eine \u00d6kosatire Themen der Innenstadt in Wort und Song Brauchen wir \u00d6ko-Satire? Gibt es \u00fcberhaupt \u00d6ko-Satire oder ist \u00d6ko schon Satire? Die Frage ist doch: Was darf \u00d6kosatire!\u00a0 Martin Herrmann gibt Antwort. Ist das deutsche Kabarett angestaubt?&hellip;<\/p>\n<p class=\"more-link-p\"><a class=\"more-link\" href=\"https:\/\/www.martinherrmann.info\/?page_id=4300\">Read more &rarr;<\/a><\/p>\n","protected":false},"author":2,"featured_media":0,"parent":0,"menu_order":0,"comment_status":"closed","ping_status":"closed","template":"","meta":{"footnotes":""},"class_list":["post-4300","page","type-page","status-publish","hentry"],"_links":{"self":[{"href":"https:\/\/www.martinherrmann.info\/index.php?rest_route=\/wp\/v2\/pages\/4300","targetHints":{"allow":["GET"]}}],"collection":[{"href":"https:\/\/www.martinherrmann.info\/index.php?rest_route=\/wp\/v2\/pages"}],"about":[{"href":"https:\/\/www.martinherrmann.info\/index.php?rest_route=\/wp\/v2\/types\/page"}],"author":[{"embeddable":true,"href":"https:\/\/www.martinherrmann.info\/index.php?rest_route=\/wp\/v2\/users\/2"}],"replies":[{"embeddable":true,"href":"https:\/\/www.martinherrmann.info\/index.php?rest_route=%2Fwp%2Fv2%2Fcomments&post=4300"}],"version-history":[{"count":47,"href":"https:\/\/www.martinherrmann.info\/index.php?rest_route=\/wp\/v2\/pages\/4300\/revisions"}],"predecessor-version":[{"id":16335,"href":"https:\/\/www.martinherrmann.info\/index.php?rest_route=\/wp\/v2\/pages\/4300\/revisions\/16335"}],"wp:attachment":[{"href":"https:\/\/www.martinherrmann.info\/index.php?rest_route=%2Fwp%2Fv2%2Fmedia&parent=4300"}],"curies":[{"name":"wp","href":"https:\/\/api.w.org\/{rel}","templated":true}]}}

Feinstaubalarm ist auch nur ein vornehmes Wort für Kehrwoche!

<div class="">
<h1 class="entry-title"></h1>
<div class="entry-content">
<div class=""><span class=""><b class="">Urbankabarett als Jahresrück-Vorausblick. Eine Ökosatire<br />
</b></span><em>Themen der Innenstadt in Wort und Song</em></div>
<div class="">
<div class=""><span class="">Brauchen wir Öko-Satire? Gibt es überhaupt Öko-Satire oder ist Öko schon Satire? Die Frage ist doch: Was darf Ökosatire! </span></div>
<div class=""><span class="">Martin Herrmann gibt Antwort. Ist das deutsche Kabarett angestaubt? Nein! Das bewusste moderne Kabarett ist angefeinstaubt. Lungenärzte geben Entwarnung: Feinstaub ist gesund. Das Tragen von Atemmasken beherrscht inzwischen sowieso fast jeder. Korrekte Ökobürger spülen ihr Joghurtbecherdeckelchen, bevor sie es mit dem SUV zur Wertstoffsammelstelle fahren. Viele glauben, die Aufladestellen für die E-Autos haben einen religiösen Hintergrund, oder warum heisst es überall &#8222;Stationenweg&#8220;? </span></div>
</div>
<div class=""><span class="">Elektrische Autos nehmen uns die Spannung. Früher stockte beim Überholen der Atem und in den Städten konnte das Atmen tödlich sein. Heute fahren die Autos alleine. Notfalls auch ohne uns. Und wer mal in Zahlungsverzug kommt, dem sperrt der Elektro-Konzern die Aufladung. </span><span class="">Autoerotiker müssen emotional umstellen. Früher gab der dröhnende Turbo dem Fahrer das Gefühl von dicker Hose, heute blinken die Dioden. Das Cockpit piepst und flimmert wie ein Blutdruckgerät. Man denkt, man liegt im Krankenhaus, dabei fliegt man mit 200 Sachen über die Autobahn, elektrisch. Wenn der Computer abstürzt, wacht man im Krankenhaus auf, wo alles blinkt und piept und man glaubt immer noch, man fliegt über die Autobahn. </span><span class="">Wenn nichts mehr piept, bin ich dann im Himmel? </span></div>
<div class=""><span class="">Bei dir piepts wohl. </span>Leibhaftige Lungenärzte haben sich aus dem Fenster gelehnt und den Feinstaub als mindergefährlich eingestuft. <a href="http://www.spiegel.de/gesundheit/diagnose/fahrverbote-aerzte-bezweifeln-sinn-von-grenzwerten-fuer-stickoxide-und-feinstaub-a-1249519.html">Lungenärzte pro Feinstaub</a> Logisch! Schadstoffe in der Luft? Davon leben Lungenärzte.</div>
<div>BMW wirbt für den seinen Achter mit dem Slogan: <strong>„Gebaut, um den Atem zu rauben!“</strong></div>
<div>Das ist wenigstens ehrlich. Da braucht man keinen Feinstaubalarm: wer atmet ist selber schuld.<br />
<b class="" style="letter-spacing: 0.05em;"><span style="letter-spacing: 0.05em;">Wenn nichts mehr piept, bin ich dann im Himmel?</span></b></div>
</div>
</div>
<div class=""><span class="">Bei dir piepts wohl. </span>Echte Lungenärzte haben sich aus dem Fenster gelehnt und den Feinstaub als mindergefährlich eingestuft. <a href="http://www.spiegel.de/gesundheit/diagnose/fahrverbote-aerzte-bezweifeln-sinn-von-grenzwerten-fuer-stickoxide-und-feinstaub-a-1249519.html">Lungenärzte pro Feinstaub</a> Logisch! Schadstoffe in der Luft? Davon leben Lungenärzte.</div>
<div>BMW wirbt für den neuen Achter mit dem Slogan: <strong>&#8222;Gebaut, um den Atem zu rauben!&#8220;</strong></div>
<div><a href="https://www.martinherrmann.info/wp-content/uploads/2019/01/atemrauben-Kopie1.jpg"><img loading="lazy" decoding="async" class="size-full wp-image-4893 aligncenter" src="https://www.martinherrmann.info/wp-content/uploads/2019/01/atemrauben-Kopie1.jpg" alt="" width="121" height="91" /></a>Das ist wenigstens ehrlich. Da braucht man keinen Feinstaubalarm: wer atmet ist selber schuld. Die Hardwarenachrüstung kommt bald, aber nicht für den Motor, sondern für den Menschen: <a href="https://www.martinherrmann.info/wp-content/uploads/2019/01/maske1.jpg"><img loading="lazy" decoding="async" class="size-full wp-image-4892 aligncenter" src="https://www.martinherrmann.info/wp-content/uploads/2019/01/maske1.jpg" alt="" width="55" height="73" /></a></div>
<div></div>
<div style="text-align: center;"><em>Wasserstoff, Wasserstoff,</em></div>
<div style="text-align: center;"><em>ich hoff und hoff auf Wasserstoff,</em></div>
<div style="text-align: center;"><em>doch wie ich auch hoff und hoff</em></div>
<div style="text-align: center;"><em>VW und Daimler sind zu doff</em></div>
<div style="text-align: center;"><em>für Wasserstoff&#8230;</em></div>
<div style="text-align: center;"><em>Die Japaner sind schon da </em></div>
<div style="text-align: center;"><em>mit Wasserstoff bei Toyota,</em></div>
<div style="text-align: center;"><em>sie sind auf der richtigen Fährte,</em></div>
<div style="text-align: center;"><em>bei uns fälscht man bloss Abgaswerte,</em></div>
<div style="text-align: center;"><em>sind das die neuen deutschen Grundwerte&#8230;?</em></div>
<div style="text-align: center;"></div>
<div>
<div id="attachment_4301" style="width: 254px" class="wp-caption alignright"><a href="https://www.martinherrmann.info/wp-content/uploads/2018/06/Bildschirmfoto-2018-06-30-um-15.36.27.png"><img loading="lazy" decoding="async" aria-describedby="caption-attachment-4301" class="wp-image-4301 size-medium" src="https://www.martinherrmann.info/wp-content/uploads/2018/06/Bildschirmfoto-2018-06-30-um-15.36.27-244x300.png" alt="" width="244" height="300" srcset="https://www.martinherrmann.info/wp-content/uploads/2018/06/Bildschirmfoto-2018-06-30-um-15.36.27-244x300.png 244w, https://www.martinherrmann.info/wp-content/uploads/2018/06/Bildschirmfoto-2018-06-30-um-15.36.27-260x319.png 260w, https://www.martinherrmann.info/wp-content/uploads/2018/06/Bildschirmfoto-2018-06-30-um-15.36.27-160x196.png 160w, https://www.martinherrmann.info/wp-content/uploads/2018/06/Bildschirmfoto-2018-06-30-um-15.36.27.png 286w" sizes="auto, (max-width: 244px) 100vw, 244px" /></a><p id="caption-attachment-4301" class="wp-caption-text">PLAKATMOTIV</p></div>
</div>
<div class="">
<div id="attachment_6115" style="width: 223px" class="wp-caption alignnone"><a href="https://www.martinherrmann.info/wp-content/uploads/2020/02/Herrmann_Feinstaub_PK_A6_2019_Presse_300_ohne.jpg"><img loading="lazy" decoding="async" aria-describedby="caption-attachment-6115" class="wp-image-6115 size-medium" src="https://www.martinherrmann.info/wp-content/uploads/2020/02/Herrmann_Feinstaub_PK_A6_2019_Presse_300_ohne-213x300.jpg" alt="" width="213" height="300" srcset="https://www.martinherrmann.info/wp-content/uploads/2020/02/Herrmann_Feinstaub_PK_A6_2019_Presse_300_ohne-213x300.jpg 213w, https://www.martinherrmann.info/wp-content/uploads/2020/02/Herrmann_Feinstaub_PK_A6_2019_Presse_300_ohne-768x1083.jpg 768w, https://www.martinherrmann.info/wp-content/uploads/2020/02/Herrmann_Feinstaub_PK_A6_2019_Presse_300_ohne-726x1024.jpg 726w, https://www.martinherrmann.info/wp-content/uploads/2020/02/Herrmann_Feinstaub_PK_A6_2019_Presse_300_ohne-560x789.jpg 560w, https://www.martinherrmann.info/wp-content/uploads/2020/02/Herrmann_Feinstaub_PK_A6_2019_Presse_300_ohne-260x367.jpg 260w, https://www.martinherrmann.info/wp-content/uploads/2020/02/Herrmann_Feinstaub_PK_A6_2019_Presse_300_ohne-160x226.jpg 160w, https://www.martinherrmann.info/wp-content/uploads/2020/02/Herrmann_Feinstaub_PK_A6_2019_Presse_300_ohne.jpg 1240w" sizes="auto, (max-width: 213px) 100vw, 213px" /></a><p id="caption-attachment-6115" class="wp-caption-text">Pressefoto</p></div>
</div>

<p>Urbankabarett als Jahresrück-Vorausblick. Eine Ökosatire Themen der Innenstadt in Wort und Song Brauchen wir Öko-Satire? Gibt es überhaupt Öko-Satire oder ist Öko schon Satire? Die Frage ist doch: Was darf Ökosatire!  Martin Herrmann gibt Antwort. Ist das deutsche Kabarett angestaubt?&hellip;</p>
<p class="more-link-p"><a class="more-link" href="https://www.martinherrmann.info/?page_id=4300">Read more &rarr;</a></p>
